{"id":37,"date":"2022-05-24T16:46:19","date_gmt":"2022-05-24T14:46:19","guid":{"rendered":"http:\/\/amicalel2b.fr\/?page_id=37"},"modified":"2023-01-04T12:00:42","modified_gmt":"2023-01-04T11:00:42","slug":"activite","status":"publish","type":"page","link":"https:\/\/amicalel2b.fr\/index.php\/activite\/","title":{"rendered":"Activit\u00e9s"},"content":{"rendered":"\t\t<div data-elementor-type=\"wp-page\" data-elementor-id=\"37\" class=\"elementor elementor-37\" data-elementor-post-type=\"page\">\n\t\t\t\t\t\t<section class=\"elementor-section elementor-top-section elementor-element elementor-element-6f4bdf8 elementor-section-boxed elementor-section-height-default elementor-section-height-default\" data-id=\"6f4bdf8\" data-element_type=\"section\" data-e-type=\"section\">\n\t\t\t\t\t\t<div class=\"elementor-container elementor-column-gap-default\">\n\t\t\t\t\t<div class=\"elementor-column elementor-col-100 elementor-top-column elementor-element elementor-element-cbd63f8\" data-id=\"cbd63f8\" data-element_type=\"column\" data-e-type=\"column\">\n\t\t\t<div class=\"elementor-widget-wrap elementor-element-populated\">\n\t\t\t\t\t\t<div class=\"elementor-element elementor-element-d34a48a elementor-widget elementor-widget-heading\" data-id=\"d34a48a\" data-element_type=\"widget\" data-e-type=\"widget\" data-widget_type=\"heading.default\">\n\t\t\t\t<div class=\"elementor-widget-container\">\n\t\t\t\t\t<h2 class=\"elementor-heading-title elementor-size-default\">Activit\u00e9s AL2B<\/h2>\t\t\t\t<\/div>\n\t\t\t\t<\/div>\n\t\t\t\t\t<\/div>\n\t\t<\/div>\n\t\t\t\t\t<\/div>\n\t\t<\/section>\n\t\t\t\t<section class=\"elementor-section elementor-top-section elementor-element elementor-element-4ed1c9eb elementor-section-boxed elementor-section-height-default elementor-section-height-default\" data-id=\"4ed1c9eb\" data-element_type=\"section\" data-e-type=\"section\">\n\t\t\t\t\t\t<div class=\"elementor-container elementor-column-gap-default\">\n\t\t\t\t\t<div class=\"elementor-column elementor-col-100 elementor-top-column elementor-element elementor-element-2ed0e3c9\" data-id=\"2ed0e3c9\" data-element_type=\"column\" data-e-type=\"column\">\n\t\t\t<div class=\"elementor-widget-wrap elementor-element-populated\">\n\t\t\t\t\t\t<section class=\"elementor-section elementor-inner-section elementor-element elementor-element-a4bed22 elementor-section-boxed elementor-section-height-default elementor-section-height-default\" data-id=\"a4bed22\" data-element_type=\"section\" data-e-type=\"section\">\n\t\t\t\t\t\t<div class=\"elementor-container elementor-column-gap-default\">\n\t\t\t\t\t<div class=\"elementor-column elementor-col-50 elementor-inner-column elementor-element elementor-element-903b3a6\" data-id=\"903b3a6\" data-element_type=\"column\" data-e-type=\"column\">\n\t\t\t<div class=\"elementor-widget-wrap elementor-element-populated\">\n\t\t\t\t\t\t<div class=\"elementor-element elementor-element-8c3d5ff elementor-align-center elementor-widget elementor-widget-button\" data-id=\"8c3d5ff\" data-element_type=\"widget\" data-e-type=\"widget\" data-widget_type=\"button.default\">\n\t\t\t\t<div class=\"elementor-widget-container\">\n\t\t\t\t\t\t\t\t\t<div class=\"elementor-button-wrapper\">\n\t\t\t\t\t<a class=\"elementor-button elementor-button-link elementor-size-sm\" href=\"https:\/\/amicalel2b.fr\/index.php\/evenements-ecole-quartier\/\">\n\t\t\t\t\t\t<span class=\"elementor-button-content-wrapper\">\n\t\t\t\t\t\t<span class=\"elementor-button-icon\">\n\t\t\t\t<i aria-hidden=\"true\" class=\"fas fa-archive\"><\/i>\t\t\t<\/span>\n\t\t\t\t\t\t\t\t\t<span class=\"elementor-button-text\">\u00c9v\u00e8nements \u00e9cole &amp; quartier<\/span>\n\t\t\t\t\t<\/span>\n\t\t\t\t\t<\/a>\n\t\t\t\t<\/div>\n\t\t\t\t\t\t\t\t<\/div>\n\t\t\t\t<\/div>\n\t\t\t\t\t<\/div>\n\t\t<\/div>\n\t\t\t\t<div class=\"elementor-column elementor-col-50 elementor-inner-column elementor-element elementor-element-8487338\" data-id=\"8487338\" data-element_type=\"column\" data-e-type=\"column\">\n\t\t\t<div class=\"elementor-widget-wrap elementor-element-populated\">\n\t\t\t\t\t\t<div class=\"elementor-element elementor-element-7f03f8a elementor-align-center elementor-widget elementor-widget-button\" data-id=\"7f03f8a\" data-element_type=\"widget\" data-e-type=\"widget\" data-widget_type=\"button.default\">\n\t\t\t\t<div class=\"elementor-widget-container\">\n\t\t\t\t\t\t\t\t\t<div class=\"elementor-button-wrapper\">\n\t\t\t\t\t<a class=\"elementor-button elementor-button-link elementor-size-sm\" href=\"https:\/\/amicalel2b.fr\/index.php\/celeste\/\">\n\t\t\t\t\t\t<span class=\"elementor-button-content-wrapper\">\n\t\t\t\t\t\t<span class=\"elementor-button-icon\">\n\t\t\t\t<i aria-hidden=\"true\" class=\"fas fa-archive\"><\/i>\t\t\t<\/span>\n\t\t\t\t\t\t\t\t\t<span class=\"elementor-button-text\">Ramassage scolaire C\u00e9leste<\/span>\n\t\t\t\t\t<\/span>\n\t\t\t\t\t<\/a>\n\t\t\t\t<\/div>\n\t\t\t\t\t\t\t\t<\/div>\n\t\t\t\t<\/div>\n\t\t\t\t\t<\/div>\n\t\t<\/div>\n\t\t\t\t\t<\/div>\n\t\t<\/section>\n\t\t\t\t<div class=\"elementor-element elementor-element-47fd98f elementor-widget elementor-widget-text-editor\" data-id=\"47fd98f\" data-element_type=\"widget\" data-e-type=\"widget\" data-widget_type=\"text-editor.default\">\n\t\t\t\t<div class=\"elementor-widget-container\">\n\t\t\t\t\t\t\t\t\t<p>Nos actions concre\u0300tes sur l\u2019e\u0301cole et le quartier de la Benauge :<\/p><p><strong>Ev\u00e8nement de l\u2019\u00e9cole\u00a0en lien avec les \u00e9l\u00e8ves:<\/strong><\/p><ul><li>\u00a0Organisation du Marche\u0301 de Noe\u0308l, en partenariat avec l\u2019e\u0301quipe e\u0301ducative ; chacun des 250 enfants de l\u2019e\u0301cole rec\u0327oit en cadeau un livre (choix travaille\u0301 en amont avec les enseignants).<\/li><li>\u00a0Organisation des Fe\u0302tes de fin d\u2019anne\u0301e de l\u2019e\u0301cole, en partenariat avec l\u2019e\u0301quipe e\u0301ducative.<\/li><li>\u00a0Vente de cre\u0302pes re\u0301gulie\u0300rement le vendredi a\u0300 16h30, a\u0300 la sortie de l\u2019e\u0301cole.<\/li><li>\u00a0Aide au financement des sorties des classes (comple\u0301ment pour que la participation financie\u0300re des parents soit moins importante).<\/li><li>\u00a0Financement d\u2019interventions d\u2019associations, gra\u0302ce<br \/>a\u0300 la constitution de dossier F.I.L aupre\u0300s de la Mairie. Dropdebe\u0301ton et Foksabouge interviennent et per- mettent d\u2019occuper les enfants demi-pensionnaires sur le temps de pauses me\u0301ridiennes. Re\u0301sultats obtenus : baisse du nombre de conflits dans la cour.<\/li><li>\u00a0Aide mate\u0301rielle par l\u2019achat de combinaisons de ski ou duvets pour les voyages de fin d\u2019anne\u0301e&#8230;<\/li><\/ul><p><strong>Ev\u00e8nement de l\u2019\u00e9cole\u00a0en lien avec les parents:<\/strong><\/p><ul><li>\u00a0Cafe\u0301 des parents : Une fois par mois, rencontre et e\u0301changes entre parents sur diffe\u0301rents the\u0300mes, avec parfois des intervenants exte\u0301rieurs de la vie de quartier (MDS, CMS, Artistes&#8230;).<\/li><\/ul><p><strong>Ev\u00e8nement de l\u2019\u00e9cole\u00a0en lien avec le quartier:<\/strong><\/p><ul><li>\u00a0Lors d\u2019e\u0301ve\u0301nements de quartiers, tenue d\u2019un stand de vente alimentaire (pop-corn, ga\u0302teaux, boissons).<\/li><\/ul><p>Toutes ces actions ont pour seul but de permettre de financer des sorties ou des achats de mate\u0301riel, qui be\u0301ne\u0301ficieront a\u0300 tous les e\u0301le\u0300ves de l\u2019e\u0301cole de la Benauge.<\/p><h4><strong>Nouvelle activit\u00e9 pour Septembre 2022<\/strong><\/h4><p><strong><em>L\u2019AL2B de\u0301veloppe un nouveau projet :<\/em><\/strong><\/p><ul><li><strong>\u00a0<\/strong>\u00a0Fort de notre motivation de parents d\u2019e\u0301le\u0300ves implique\u0301s, avec un tissu social et un re\u0301seau en perpe\u0301tuelle progression, dans ce quartier populaire en pleine expansion, nous avons de\u0301cide\u0301 de reprendre et de\u0301velopper un service de ramassage scolaire en Rosalie sur les e\u0301coles Maternelle et E\u0301le\u0301mentaire de la BENAUGE.<\/li><\/ul><p>Parmi nos adhe\u0301rents, nous avons d\u2019anciens conducteurs de Rosalie en milieu urbain. Par leur re\u0301seau associatif et populaire, l\u2019AL2B a pu profiter d\u2019un don exceptionnel d\u2019une Rosalie 6 places : <strong>Ce\u0301leste<\/strong>. C\u2019est une Rosalie de la marque TECNOART, construite en 2010, adapte\u0301e au transport d\u2019adultes et d\u2019enfants en toute se\u0301curite\u0301. <strong>Ce\u0301leste <\/strong>est conside\u0301re\u0301e comme un cycle dans le code de la route (R 311-1-6.10-6.11).<\/p><p>Ce nouveau projet porte\u0301 par l\u2019AL2B repose sur la motivation des parents d\u2019e\u0301le\u0300ves et notre capacite\u0301 a\u0300 mobiliser du temps de conduc- teurs. Ce service correspond a\u0300 des besoins re\u0301els et quantifiables. Nous souhaitons de\u0301velopper un nouveau mode\u0300le e\u0301conomique porteur de temps d\u2019emploi.<\/p><p>Les parents re\u0301fle\u0301chissent activement a\u0300 un accompagnement par la mairie de Bordeaux (LABB) pour envisager un DLA dont l\u2019objectif serait la cre\u0301ation d\u2019un ou plusieurs emplois.<\/p><ul><li>\u00a0Social : e\u0301quipement de quartier, en direction des enfants (scolaires, para-scolaires), des adultes (associations, e\u0301ve\u0301nementiels&#8230;).<\/li><li>\u00a0E\u0301ducatif : coordination avec les e\u0301quipes e\u0301ducatives (ateliers pe\u0301dagogiques&#8230;), promotion de la citoyennete\u0301 (apprentissage code de la route), promotion du sport d\u2019e\u0301quipe (coordination de groupe dans le but d\u2019avancer&#8230;) appropriation de son quartier en se\u0301curite\u0301.<\/li><li>\u00a0Environnemental : transports doux, de\u0301senclave- ment de la pre\u0301sence des voitures, apprentissage de l\u2019e\u0301cocitoyennete\u0301, solution alternative aux trajets cours par substitution aux ve\u0301hicules thermiques habituels (voiture, mini-bus).<\/li><\/ul><p>\u00a0<\/p><p><b><i>1 -Ramassage scolaire gratuit sur l\u2019\u00e9cole de la Benauge :\u00a0<\/i><\/b><\/p><p>Les bienfaits de ce type de mode de d\u00e9pla\u00e7ement<\/p><p>Aller \u00e0 v\u00e9lo en groupe \u00e0 l\u2019\u00e9cole et aux activit\u00e9s du quartier a une vocation sportive, environnementale et sociale. En effet, les enfants font un peu de sport en \u00e9quipe dans le but de se d\u00e9placer. De plus,<span class=\"Apple-converted-space\">\u00a0 <\/span><b>C\u00e9leste<\/b> n\u00e9cessite une coordination globale des enfants pour avancer. C\u2019est un mode de transport doux, qui permet \u00e9galement aux enfants d\u2019appr\u00e9hender les bases du code de la route et la s\u00e9curit\u00e9 routi\u00e8re de mani\u00e8re ludique.<\/p><p>Enfin, encadr\u00e9s par un membre de l\u2019association, le lien social entre enfants se d\u00e9veloppe dans un moment agr\u00e9able.<\/p><p><b><i>2- P\u00e9ri et parascolaire sur le quartier Bastide :<\/i><\/b><\/p><p><b>P\u00e9riscolaire<\/b><\/p><p>L\u2019activit\u00e9 p\u00e9riscolaire avec <b>C\u00e9leste<\/b> a lieu apr\u00e8s le ramassage scolaire du soir et est payante. Apr\u00e8s inscription et \u00e0 la demande des parents ou d\u2019une collectivit\u00e9 (CAL), <b>C\u00e9leste<\/b> vient r\u00e9cup\u00e9rer le ou les enfants \u00e0 la garderie de leur \u00e9cole et les am\u00e8ne \u00e0 leur activit\u00e9 de quartier (Conservatoire ,C.A.L, activit\u00e9 sportive\u2026). Les parents n\u2019ont plus alors qu\u2019\u00e0 r\u00e9cup\u00e9rer leurs enfants \u00e0 la fin de leur activit\u00e9.<span class=\"Apple-converted-space\">\u00a0 <\/span><\/p><p><b>Parascolaire<\/b><\/p><p>L\u2019activit\u00e9 parascolaire avec <b>C\u00e9leste<\/b> a lieu pendant la journ\u00e9e et est payante. Apr\u00e8s inscription et \u00e0 la demande des parents, d\u2019une \u00e9quipe \u00e9ducative ou d\u2019une collectivit\u00e9 (CMPEA, MDS\u2026), <b>C\u00e9leste<\/b> viendra r\u00e9cup\u00e9rer le ou les enfants \u00e0<span class=\"Apple-converted-space\">\u00a0 <\/span>leur \u00e9cole durant la journ\u00e9e et les am\u00e8nera \u00e0 leur rendez-vous dans le quartier Bastide (Orthophonitse, Psychologue, CMPEA\u2026).<\/p><p>Ce service permet une r\u00e9gularit\u00e9 de leur prise en charge, b\u00e9n\u00e9fique pour tous :<\/p><ul><li>l\u2019enfant se rend \u00e0 son rendez-vous d\u00e9tendu en pratiquant une activit\u00e9 ludique ;<\/li><li>les parents n\u2019ont pas besoin de \u201ccouper\u201d leur programme de journ\u00e9e pour 2 accompagnements de faible distance ;<\/li><li>les professionnels, soignants et \u00e9quipes \u00e9ducatives, sont assur\u00e9s, par l\u2019assiduit\u00e9 au rendez-vous, de la continuit\u00e9 du parcours de soin.<\/li><\/ul><p>\u00a0<\/p><p>Notre action s\u2019exprime sur le quartier de Bordeaux Bastide, l\u2019e\u0301cole de la Benauge e\u0301tant situe\u0301e au c\u0153ur de ce quartier populaire en pleine expansion, en zone d\u2019e\u0301ducation prioritaire et quartier politique de la ville.<\/p><p><strong>\u00a0<\/strong><\/p>\t\t\t\t\t\t\t\t<\/div>\n\t\t\t\t<\/div>\n\t\t\t\t<div class=\"elementor-element elementor-element-45860de elementor-widget elementor-widget-spacer\" data-id=\"45860de\" data-element_type=\"widget\" data-e-type=\"widget\" data-widget_type=\"spacer.default\">\n\t\t\t\t<div class=\"elementor-widget-container\">\n\t\t\t\t\t\t\t<div class=\"elementor-spacer\">\n\t\t\t<div class=\"elementor-spacer-inner\"><\/div>\n\t\t<\/div>\n\t\t\t\t\t\t<\/div>\n\t\t\t\t<\/div>\n\t\t\t\t\t<\/div>\n\t\t<\/div>\n\t\t\t\t\t<\/div>\n\t\t<\/section>\n\t\t\t\t<\/div>\n\t\t","protected":false},"excerpt":{"rendered":"<p>Activit\u00e9s AL2B \u00c9v\u00e8nements \u00e9cole &#038; quartier Ramassage scolaire C\u00e9leste Nos actions concre\u0300tes sur l\u2019e\u0301cole et le quartier de la Benauge : Ev\u00e8nement de l\u2019\u00e9cole\u00a0en lien avec les \u00e9l\u00e8ves: \u00a0Organisation du Marche\u0301 de Noe\u0308l, en partenariat avec l\u2019e\u0301quipe e\u0301ducative ; chacun des 250 enfants de l\u2019e\u0301cole rec\u0327oit en cadeau un livre (choix travaille\u0301 en amont avec [&hellip;]<\/p>\n","protected":false},"author":1,"featured_media":0,"parent":0,"menu_order":16,"comment_status":"closed","ping_status":"closed","template":"elementor_header_footer","meta":{"_acf_changed":false,"om_disable_all_campaigns":false,"_monsterinsights_skip_tracking":false,"_monsterinsights_sitenote_active":false,"_monsterinsights_sitenote_note":"","_monsterinsights_sitenote_category":0,"footnotes":""},"class_list":["post-37","page","type-page","status-publish","hentry"],"acf":[],"aioseo_notices":[],"_links":{"self":[{"href":"https:\/\/amicalel2b.fr\/index.php\/wp-json\/wp\/v2\/pages\/37","targetHints":{"allow":["GET"]}}],"collection":[{"href":"https:\/\/amicalel2b.fr\/index.php\/wp-json\/wp\/v2\/pages"}],"about":[{"href":"https:\/\/amicalel2b.fr\/index.php\/wp-json\/wp\/v2\/types\/page"}],"author":[{"embeddable":true,"href":"https:\/\/amicalel2b.fr\/index.php\/wp-json\/wp\/v2\/users\/1"}],"replies":[{"embeddable":true,"href":"https:\/\/amicalel2b.fr\/index.php\/wp-json\/wp\/v2\/comments?post=37"}],"version-history":[{"count":53,"href":"https:\/\/amicalel2b.fr\/index.php\/wp-json\/wp\/v2\/pages\/37\/revisions"}],"predecessor-version":[{"id":1591,"href":"https:\/\/amicalel2b.fr\/index.php\/wp-json\/wp\/v2\/pages\/37\/revisions\/1591"}],"wp:attachment":[{"href":"https:\/\/amicalel2b.fr\/index.php\/wp-json\/wp\/v2\/media?parent=37"}],"curies":[{"name":"wp","href":"https:\/\/api.w.org\/{rel}","templated":true}]}}